{"id":719,"date":"2021-02-01T08:24:07","date_gmt":"2021-02-01T11:24:07","guid":{"rendered":"http:\/\/casabarsotti.com\/?page_id=719"},"modified":"2022-07-18T19:15:50","modified_gmt":"2022-07-18T22:15:50","slug":"blog","status":"publish","type":"page","link":"https:\/\/casabarsotti.com\/?page_id=719","title":{"rendered":"Blog"},"content":{"rendered":"\t\t<div data-elementor-type=\"wp-page\" data-elementor-id=\"719\" class=\"elementor elementor-719\">\n\t\t\t\t\t\t\t\t\t<section class=\"elementor-section elementor-top-section elementor-element elementor-element-6f889d2b elementor-section-boxed elementor-section-height-default elementor-section-height-default\" data-id=\"6f889d2b\" data-element_type=\"section\">\n\t\t\t\t\t\t<div class=\"elementor-container elementor-column-gap-default\">\n\t\t\t\t\t<div class=\"elementor-column elementor-col-100 elementor-top-column elementor-element elementor-element-4ff44a41\" data-id=\"4ff44a41\" data-element_type=\"column\">\n\t\t\t<div class=\"elementor-widget-wrap elementor-element-populated\">\n\t\t\t\t\t\t\t\t<div class=\"elementor-element elementor-element-1e5d0f9a elementor-widget elementor-widget-text-editor\" data-id=\"1e5d0f9a\" data-element_type=\"widget\" data-widget_type=\"text-editor.default\">\n\t\t\t\t<div class=\"elementor-widget-container\">\n\t\t\t<style>\/*! elementor - v3.6.8 - 27-07-2022 *\/\n.elementor-widget-text-editor.elementor-drop-cap-view-stacked .elementor-drop-cap{background-color:#818a91;color:#fff}.elementor-widget-text-editor.elementor-drop-cap-view-framed .elementor-drop-cap{color:#818a91;border:3px solid;background-color:transparent}.elementor-widget-text-editor:not(.elementor-drop-cap-view-default) .elementor-drop-cap{margin-top:8px}.elementor-widget-text-editor:not(.elementor-drop-cap-view-default) .elementor-drop-cap-letter{width:1em;height:1em}.elementor-widget-text-editor .elementor-drop-cap{float:left;text-align:center;line-height:1;font-size:50px}.elementor-widget-text-editor .elementor-drop-cap-letter{display:inline-block}<\/style>\t\t\t\t<p><!-- wp:uagb\/columns {\"block_id\":\"54f49742\",\"classMigrate\":true,\"columns\":1,\"topPadding\":144,\"bottomPadding\":50,\"leftPadding\":40,\"rightPadding\":40,\"topPaddingTablet\":104,\"bottomPaddingTablet\":30,\"leftPaddingTablet\":30,\"rightPaddingTablet\":30,\"topPaddingMobile\":80,\"bottomPaddingMobile\":40,\"leftPaddingMobile\":20,\"rightPaddingMobile\":20,\"backgroundType\":\"color\",\"backgroundColor\":\"var(ast-global-color-5)\"} --><\/p>\n<section class=\"wp-block-uagb-columns uagb-columns__wrap uagb-columns__background-color uagb-columns__stack-mobile uagb-columns__valign-undefined uagb-columns__gap-10 alignundefined uagb-block-54f49742\">\n<div class=\"uagb-columns__overlay\">&nbsp;<\/div>\n<div class=\"uagb-columns__inner-wrap uagb-columns__columns-1\">\n<p><!-- wp:uagb\/column {\"block_id\":\"a56a2317\",\"classMigrate\":true,\"colWidth\":100} --><\/p>\n<div class=\"wp-block-uagb-column uagb-column__wrap uagb-column__background-undefined uagb-block-a56a2317\">\n<div class=\"uagb-column__overlay\">&nbsp;<\/div>\n<div class=\"uagb-column__inner-wrap\">\n<p><!-- wp:separator {\"color\":\"ast-global-color-0\",\"align\":\"center\"} --><\/p>\n<hr class=\"wp-block-separator aligncenter has-text-color has-background has-ast-global-color-0-background-color has-ast-global-color-0-color\">\n<p><!-- \/wp:separator --><!-- wp:heading {\"textAlign\":\"center\",\"level\":1} --><\/p>\n<h1 class=\"has-text-align-center\">&nbsp;Blog<\/h1>\n<\/div>\n<\/div>\n<\/div>\n<\/section>\n<section class=\"wp-block-uagb-section uagb-section__wrap uagb-section__background-undefined uagb-block-38b413cd\">\n<div class=\"uagb-section__inner-wrap\"><!-- wp:uagb\/post-grid {\"block_id\":\"8ebea42c\",\"excerptLength\":11,\"displayPostAuthor\":false,\"displayPostLink\":false,\"rowGap\":25,\"columnGap\":16,\"bgColor\":\"var(\\u002d\\u002dast-global-color-7)\",\"titleColor\":\"var(\\u002d\\u002dast-global-color-2)\",\"titleTag\":\"h4\",\"metaColor\":\"var(\\u002d\\u002dast-global-color-1)\",\"excerptColor\":\"var(\\u002d\\u002dast-global-color-3)\",\"contentPadding\":27,\"metaBottomSpace\":25} \/--><\/div>\n<\/section>\n<p><!-- \/wp:uagb\/section --><\/p>\t\t\t\t\t\t<\/div>\n\t\t\t\t<\/div>\n\t\t\t\t\t<\/div>\n\t\t<\/div>\n\t\t\t\t\t\t\t<\/div>\n\t\t<\/section>\n\t\t\t\t<section class=\"elementor-section elementor-top-section elementor-element elementor-element-3b42461 elementor-section-boxed elementor-section-height-default elementor-section-height-default\" data-id=\"3b42461\" data-element_type=\"section\">\n\t\t\t\t\t\t<div class=\"elementor-container elementor-column-gap-default\">\n\t\t\t\t\t<div class=\"elementor-column elementor-col-100 elementor-top-column elementor-element elementor-element-4a6c796\" data-id=\"4a6c796\" data-element_type=\"column\">\n\t\t\t<div class=\"elementor-widget-wrap elementor-element-populated\">\n\t\t\t\t\t\t\t\t<div class=\"elementor-element elementor-element-c26b536 elementor-widget elementor-widget-shortcode\" data-id=\"c26b536\" data-element_type=\"widget\" data-widget_type=\"shortcode.default\">\n\t\t\t\t<div class=\"elementor-widget-container\">\n\t\t\t\t\t<div class=\"elementor-shortcode\">\t\t<div class=\"bdpgridbox-main bdp-design-1 bdp-clearfix\">\r\n\t\t\t<div class=\"bdp-gridbox-inner bdp-clearfix\">\r\n\t\t\t\t\t<div class=\"bdp-medium-6 bdp-columns bdp-left-block\">\r\n\t\t\t\t\t<div class=\"bdp-post-image-bg\">\r\n\t\t\t\t<a href=\"https:\/\/casabarsotti.com\/?p=1498\">\r\n\t\t\t\t\t<img src=\"https:\/\/casabarsotti.com\/wp-content\/uploads\/2022\/07\/14-1024x1024.png\" alt=\"Conhe\u00e7a os benef\u00edcios do milho e como aproveit\u00e1-los\" \/>\r\n\t\t\t\t<\/a>\r\n\t\t\t<\/div>\r\n\t\t\t\t<div class=\"bdp-post-categories\">\r\n\t\t\t<a href=\"https:\/\/casabarsotti.com\/?cat=8\">Blog<\/a>\t\t<\/div>\r\n\t\t\r\n\t\t<h2 class=\"bdp-post-title\">\r\n\t\t\t<a href=\"https:\/\/casabarsotti.com\/?p=1498\">Conhe\u00e7a os benef\u00edcios do milho e como aproveit\u00e1-los<\/a>\r\n\t\t<\/h2>\r\n\r\n\t\t\t\t\t<div class=\"bdp-post-meta\">\r\n\t\t\t\t\t\t\t\t\t<span class=\"bdp-post-meta-innr bdp-user-img\">casabarsottivilaformosa@gmail.com<\/span>\r\n\t\t\t\t\t\t\t\t<span class=\"bdpp-post-meta-sep\">\/<span>\t\t\t\t\t\t\t\t\t<span class=\"bdp-post-meta-innr bdp-time\">  julho 18, 2022 <\/span>\r\n\t\t\t\t\t\t\t\t\t\t\t\t\t\t\t<\/div>\r\n\t\t\t\t\t<div class=\"bdp-post-content\">\r\n\t\t\t\t<div class=\"bdp-post-short-content\">Voc\u00ea conhece todos os diversos benef\u00edcios do milho? Quer saber...<\/div>\r\n\t\t\t\t\t\t\t\t<a href=\"https:\/\/casabarsotti.com\/?p=1498\" class=\"bdp-readmorebtn\">Leia mais<\/a>\r\n\t\t\t\t\t\t\t<\/div>\r\n\t\t\t\t\t<div class=\"bdp-post-tags\"> <a href=\"https:\/\/casabarsotti.com\/?tag=barsotti\" rel=\"tag\">barsotti<\/a>, <a href=\"https:\/\/casabarsotti.com\/?tag=casabarsotti\" rel=\"tag\">casabarsotti<\/a>, <a href=\"https:\/\/casabarsotti.com\/?tag=graos\" rel=\"tag\">graos<\/a>, <a href=\"https:\/\/casabarsotti.com\/?tag=nutricao\" rel=\"tag\">nutri\u00e7\u00e3o<\/a>, <a href=\"https:\/\/casabarsotti.com\/?tag=saudavel\" rel=\"tag\">saudavel<\/a><\/div>\r\n\t\t\t<\/div>\r\n\t<div class=\"bdp-medium-6 bdp-columns bdp-inline-grid\" >\r\n\t\t<div class=\"bdp-post-right-block bdp-medium-12 bdp-columns\">\r\n\t\t\t\t\t\t\t<div class=\"bdp-s-medium-3 bdp-columns\">\r\n\t\t\t\t\t<div class=\"bdp-post-image-bg\">\r\n\t\t\t\t\t\t<a href=\"https:\/\/casabarsotti.com\/?p=1\">\r\n\t\t\t\t\t\t\t<img src=\"https:\/\/casabarsotti.com\/wp-content\/uploads\/2022\/07\/10-150x150.png\" alt=\"Gr\u00e3os\" \/>\r\n\t\t\t\t\t\t<\/a>\r\n\t\t\t\t\t<\/div>\r\n\t\t\t\t<\/div>\r\n\t\t\t\t\t\t\t\t<div class=\"bdp-s-medium-9 bdp-columns \">\r\n\t\t\t\t\t\t\t\t\t\t<div class=\"bdp-post-categories\">\r\n\t\t\t\t\t\t<a href=\"https:\/\/casabarsotti.com\/?cat=8\">Blog<\/a>\t\t\t\t\t<\/div>\r\n\t\t\t\t\t\r\n\t\t\t\t\t<h4 class=\"bdp-post-title\">\r\n\t\t\t\t\t\t<a href=\"https:\/\/casabarsotti.com\/?p=1\">Gr\u00e3os<\/a>\r\n\t\t\t\t\t<\/h4>\r\n\r\n\t\t\t\t\t\t\t\t\t\t\t<div class=\"bdp-post-meta\">\r\n\t\t\t\t\t\t\t\t\t\t\t\t\t\t\t<span class=\"bdp-post-meta-innr bdp-user-img\">casabarsottivilaformosa@gmail.com<\/span>\r\n\t\t\t\t\t\t\t\t\t\t\t\t\t\t<span class=\"bdpp-post-meta-sep\">\/<\/span>\t\t\t\t\t\t\t\t\t\t\t\t\t\t\t<span class=\"bdp-post-meta-innr bdp-time\"> julho 12, 2022 <\/span>\r\n\t\t\t\t\t\t\t\t\t\t\t\t\t\t<span class=\"bdpp-post-meta-sep\">\/<\/span>\t\t\t\t\t\t\t\t\t\t\t\t\t\t\t<span class=\"bdp-post-meta-innr bdp-post-comments\">\r\n\t\t\t\t\t\t\t\t\t<a href=\"https:\/\/casabarsotti.com\/?p=1#comments\">1 Resposta <\/a>\r\n\t\t\t\t\t\t\t\t<\/span>\r\n\t\t\t\t\t\t\t\t\t\t\t\t\t<\/div>\r\n\t\t\t\t\t\t\t\t\t\t\t<div class=\"bdp-post-tags\"> <a href=\"https:\/\/casabarsotti.com\/?tag=barsotti\" rel=\"tag\">barsotti<\/a>, <a href=\"https:\/\/casabarsotti.com\/?tag=casabarsotti\" rel=\"tag\">casabarsotti<\/a>, <a href=\"https:\/\/casabarsotti.com\/?tag=especiarias\" rel=\"tag\">especiarias<\/a>, <a href=\"https:\/\/casabarsotti.com\/?tag=graos\" rel=\"tag\">graos<\/a>, <a href=\"https:\/\/casabarsotti.com\/?tag=nutricao\" rel=\"tag\">nutri\u00e7\u00e3o<\/a>, <a href=\"https:\/\/casabarsotti.com\/?tag=nutritivi\" rel=\"tag\">nutritivi<\/a>, <a href=\"https:\/\/casabarsotti.com\/?tag=saudavel\" rel=\"tag\">saudavel<\/a><\/div>\r\n\t\t\t\t\t\t\t\t<\/div>\r\n\t\t<\/div>\r\n\t<\/div>\r\n\t<div class=\"bdp-medium-6 bdp-columns bdp-inline-grid\" >\r\n\t\t<div class=\"bdp-post-right-block bdp-medium-12 bdp-columns\">\r\n\t\t\t\t\t\t\t<div class=\"bdp-s-medium-3 bdp-columns\">\r\n\t\t\t\t\t<div class=\"bdp-post-image-bg\">\r\n\t\t\t\t\t\t<a href=\"https:\/\/casabarsotti.com\/?p=717\">\r\n\t\t\t\t\t\t\t<img src=\"https:\/\/casabarsotti.com\/wp-content\/uploads\/2022\/07\/11-150x150.png\" alt=\"Benef\u00edcios do Ol\u00e9o de Nozes\" \/>\r\n\t\t\t\t\t\t<\/a>\r\n\t\t\t\t\t<\/div>\r\n\t\t\t\t<\/div>\r\n\t\t\t\t\t\t\t\t<div class=\"bdp-s-medium-9 bdp-columns \">\r\n\t\t\t\t\t\t\t\t\t\t<div class=\"bdp-post-categories\">\r\n\t\t\t\t\t\t<a href=\"https:\/\/casabarsotti.com\/?cat=8\">Blog<\/a>\t\t\t\t\t<\/div>\r\n\t\t\t\t\t\r\n\t\t\t\t\t<h4 class=\"bdp-post-title\">\r\n\t\t\t\t\t\t<a href=\"https:\/\/casabarsotti.com\/?p=717\">Benef\u00edcios do Ol\u00e9o de Nozes<\/a>\r\n\t\t\t\t\t<\/h4>\r\n\r\n\t\t\t\t\t\t\t\t\t\t\t<div class=\"bdp-post-meta\">\r\n\t\t\t\t\t\t\t\t\t\t\t\t\t\t\t<span class=\"bdp-post-meta-innr bdp-user-img\">casabarsottivilaformosa@gmail.com<\/span>\r\n\t\t\t\t\t\t\t\t\t\t\t\t\t\t<span class=\"bdpp-post-meta-sep\">\/<\/span>\t\t\t\t\t\t\t\t\t\t\t\t\t\t\t<span class=\"bdp-post-meta-innr bdp-time\"> fevereiro 1, 2021 <\/span>\r\n\t\t\t\t\t\t\t\t\t\t\t\t\t\t\t\t\t\t\t\t\t\t\t\t\t\t\t<\/div>\r\n\t\t\t\t\t\t\t\t\t\t\t<div class=\"bdp-post-tags\"> <a href=\"https:\/\/casabarsotti.com\/?tag=barsotti\" rel=\"tag\">barsotti<\/a>, <a href=\"https:\/\/casabarsotti.com\/?tag=casabarsotti\" rel=\"tag\">casabarsotti<\/a>, <a href=\"https:\/\/casabarsotti.com\/?tag=especiarias\" rel=\"tag\">especiarias<\/a>, <a href=\"https:\/\/casabarsotti.com\/?tag=graos\" rel=\"tag\">graos<\/a>, <a href=\"https:\/\/casabarsotti.com\/?tag=nozes\" rel=\"tag\">nozes<\/a>, <a href=\"https:\/\/casabarsotti.com\/?tag=nutricao\" rel=\"tag\">nutri\u00e7\u00e3o<\/a>, <a href=\"https:\/\/casabarsotti.com\/?tag=oleo\" rel=\"tag\">oleo<\/a>, <a href=\"https:\/\/casabarsotti.com\/?tag=oleonatural\" rel=\"tag\">oleonatural<\/a>, <a href=\"https:\/\/casabarsotti.com\/?tag=saudavel\" rel=\"tag\">saudavel<\/a><\/div>\r\n\t\t\t\t\t\t\t\t<\/div>\r\n\t\t<\/div>\r\n\t<\/div>\r\n\t\t\t<\/div>\r\n\t\t\r\n\t\t\t\t\t<\/div>\r\n\t\t<\/div>\n\t\t\t\t<\/div>\n\t\t\t\t<\/div>\n\t\t\t\t\t<\/div>\n\t\t<\/div>\n\t\t\t\t\t\t\t<\/div>\n\t\t<\/section>\n\t\t\t\t\t\t\t<\/div>\n\t\t","protected":false},"excerpt":{"rendered":"<p>&nbsp;<\/p>\n","protected":false},"author":1,"featured_media":1415,"parent":0,"menu_order":0,"comment_status":"closed","ping_status":"closed","template":"","meta":{"om_disable_all_campaigns":false,"_monsterinsights_skip_tracking":false,"_monsterinsights_sitenote_active":false,"_monsterinsights_sitenote_note":"","_monsterinsights_sitenote_category":0,"site-sidebar-layout":"no-sidebar","site-content-layout":"page-builder","ast-global-header-display":"","ast-main-header-display":"","ast-hfb-above-header-display":"","ast-hfb-below-header-display":"","ast-hfb-mobile-header-display":"","site-post-title":"disabled","ast-breadcrumbs-content":"","ast-featured-img":"disabled","footer-sml-layout":"","theme-transparent-header-meta":"enabled","adv-header-id-meta":"","stick-header-meta":"","header-above-stick-meta":"","header-main-stick-meta":"","header-below-stick-meta":""},"aioseo_notices":[],"uagb_featured_image_src":{"full":["https:\/\/casabarsotti.com\/wp-content\/uploads\/2022\/07\/10.png",1080,1080,false],"thumbnail":["https:\/\/casabarsotti.com\/wp-content\/uploads\/2022\/07\/10-150x150.png",150,150,true],"medium":["https:\/\/casabarsotti.com\/wp-content\/uploads\/2022\/07\/10-300x300.png",300,300,true],"medium_large":["https:\/\/casabarsotti.com\/wp-content\/uploads\/2022\/07\/10-768x768.png",768,768,true],"large":["https:\/\/casabarsotti.com\/wp-content\/uploads\/2022\/07\/10-1024x1024.png",1024,1024,true],"1536x1536":["https:\/\/casabarsotti.com\/wp-content\/uploads\/2022\/07\/10.png",1080,1080,false],"2048x2048":["https:\/\/casabarsotti.com\/wp-content\/uploads\/2022\/07\/10.png",1080,1080,false]},"uagb_author_info":{"display_name":"casabarsottivilaformosa@gmail.com","author_link":"https:\/\/casabarsotti.com\/?author=1"},"uagb_comment_info":0,"uagb_excerpt":"&nbsp;","_links":{"self":[{"href":"https:\/\/casabarsotti.com\/index.php?rest_route=\/wp\/v2\/pages\/719"}],"collection":[{"href":"https:\/\/casabarsotti.com\/index.php?rest_route=\/wp\/v2\/pages"}],"about":[{"href":"https:\/\/casabarsotti.com\/index.php?rest_route=\/wp\/v2\/types\/page"}],"author":[{"embeddable":true,"href":"https:\/\/casabarsotti.com\/index.php?rest_route=\/wp\/v2\/users\/1"}],"replies":[{"embeddable":true,"href":"https:\/\/casabarsotti.com\/index.php?rest_route=%2Fwp%2Fv2%2Fcomments&post=719"}],"version-history":[{"count":31,"href":"https:\/\/casabarsotti.com\/index.php?rest_route=\/wp\/v2\/pages\/719\/revisions"}],"predecessor-version":[{"id":1509,"href":"https:\/\/casabarsotti.com\/index.php?rest_route=\/wp\/v2\/pages\/719\/revisions\/1509"}],"wp:featuredmedia":[{"embeddable":true,"href":"https:\/\/casabarsotti.com\/index.php?rest_route=\/wp\/v2\/media\/1415"}],"wp:attachment":[{"href":"https:\/\/casabarsotti.com\/index.php?rest_route=%2Fwp%2Fv2%2Fmedia&parent=719"}],"curies":[{"name":"wp","href":"https:\/\/api.w.org\/{rel}","templated":true}]}}